) = -7*f - 4. Let z be y(-3). Let l = z + 10. What is the tens digit of l?
2
Suppose 5*h - 3*h - 72 = 0. What is the tens digit of h?
3
Suppose 2*t - 4*r = -2*r + 180, 4*r + 12 = 0. What is the units digit of t?
7
Let j(d) = 17*d**2 - 1. What is the tens digit of j(-1)?
1
Let u = 7 + 188. What is the units digit of u?
5
Suppose 6 = o - 31. What is the units digit of o?
7
Suppose -5*q + a - 19 = 0, 4*q - 3*a = 7*q - 3. Let c = q - -5. Suppose -w + 4*d = d + 6, -c*w - d = -16. What is the units digit of w?
6
Let a be 12 - ((-2)/1 - 0). Let w = a + 0. What is the tens digit of w?
1
Let l(d) = 3*d. Let a be l(-1). Let x = 19 + -11. What is the units digit of (-4)/(x/a)*2?
3
Suppose -4*w = 4*i - 23 - 21, -4*i = -2*w - 50. What is the units digit of i?
2
What is the units digit of (-1 - 12/(-9)) + (-72)/(-27)?
3
Suppose -5*f + 18 = -12. Suppose -f*v - 46 = -8*v. Let b = v - 15. What is the units digit of b?
8
Let s(r) = r + 1. Let p(v) = -7. Let l(i) = p(i) - 2*s(i). What is the units digit of l(-7)?
5
Suppose 5*x = q + q - 30, 3*q - 83 = -2*x. What is the tens digit of q?
2
Suppose d - 2*d + 79 = 0. Suppose 3*g + d = r - 2*g, -5*r - 4*g = -279. What is the tens digit of r?
5
Suppose 0 = -5*q + q + 328. What is the units digit of q?
2
Let v(k) = k**3 - 6*k**2 - 7*k + 2. Let a be v(7). Let w(c) = c**2 + c - 2. Let u be w(a). Suppose u - 55 = -3*f. What is the tens digit of f?
1
Let j(r) be the first derivative of -r**2 - 2. Let u = -12 + 11. What is the units digit of j(u)?
2
Let s(k) = -8*k**3 - 2*k**2 - 2*k - 1. What is the units digit of s(-1)?
7
Let t = -4 + 6. Suppose -t = -2*z, 4*z = 2*k - 2 - 18. What is the tens digit of k?
1
Let y(b) = -11*b + 6. What is the tens digit of y(-4)?
5
Suppose 0 = 5*h - 4*j - j + 1475, 615 = -2*h - 3*j. What is the units digit of (6/9)/((-8)/h)?
5
Let j(t) be the second derivative of -11*t**3/6 - 3*t**2/2 - 4*t. What is the units digit of j(-3)?
0
Let l(m) = -m**2 - 4*m + 1. Let n be l(-2). Let q = n + -2. What is the units digit of q?
3
Suppose -t = t - 10. Suppose 2*u = 2, -3*u = -4*k + 56 + t. What is the units digit of k?
6
Let s be (-4)/6 + (-2)/6. Let a(y) = 1 - 1 + 3*y**2 - y. What is the units digit of a(s)?
4
What is the units digit of ((-12)/(-3) - -9)*3?
9
Suppose 3*q + 225 = 4*q. Suppose 0 = -5*o + 5*m + q, o + 5*m = -7 + 46. What is the units digit of o?
4
Let x(s) = s**2 - 3*s - 4. Let c be x(5). Suppose 0 = -3*t + c - 0. Suppose -d + 2 + 5 = 2*n, 0 = -t*n + 4. What is the units digit of d?
3
Let m(j) = j**3 - 2*j + 1. Let u be m(2). Suppose -5*y + 62 = t - 29, 0 = 5*t - u. What is the units digit of y/(-12)*8/(-3)?
4
Suppose -3*b + 0*b = 0. Let w = b + 0. Let f = w + 1. What is the units digit of f?
1
Suppose 4*j + 0*s - 87 = s, -s = 4*j - 81. What is the tens digit of j?
2
Let y(n) = -6*n - 9. Let o be (-4)/(44/12 + -3). What is the units digit of y(o)?
7
Let z(i) be the third derivative of -i**6/120 + 7*i**5/60 - i**4/24 - i**3/2 + 5*i**2. What is the units digit of z(6)?
7
Suppose c = -3 - 2, 5*b - 2*c = 20. Suppose -34 = 4*u - 7*u - s, 48 = 4*u + b*s. What is the units digit of u?
0
Let v(l) = l**2 - 8*l + 5. Let c be v(8). Suppose -5*n = c + 20, 3*i = -n + 4. What is the units digit of i?
3
Let a = 13 - -6. What is the units digit of a?
9
Let n = -13 + 28. Suppose n = 6*o - 5*o. Let r = o - 9. What is the units digit of r?
6
Let s = 16 - 10. Let c(b) = -b**3 + 6*b**2 + 5*b - 1. What is the units digit of c(s)?
9
Suppose -4 = -4*w + 8. Suppose w = k + 2. What is the units digit of k?
1
Suppose 3*f - 9 = -3. Let d = -4 - -9. Let v = d + f. What is the units digit of v?
7
Let u = 192 + 222. What is the units digit of u?
4
Suppose -8*u + 2261 - 197 = 0. What is the tens digit of u?
5
Let v = -176 - -291. What is the hundreds digit of v?
1
Let f(a) be the first derivative of a**4/3 + a**2/2 + 3*a - 1. Let m(t) be the first derivative of f(t). What is the units digit of m(1)?
5
Let f = 9 + 24. What is the units digit of f?
3
Suppose 3*t + 6 = -0*t, 5*t = -5*q + 45. Suppose 2*y - 3*y - 4*m = -12, y - q = -3*m. What is the units digit of y?
8
Let h be 38/8 + 2/8. Let r be (1 - 9/15)*h. What is the units digit of r + (-1)/((-3)/9)?
5
Suppose -7*w = -21 - 21. What is the units digit of w?
6
Let q = -17 - -108. What is the units digit of q?
1
Suppose 3*y = d - 5*d - 197, -1 = -y. Let s = d - -86. What is the units digit of s?
6
Let g(i) = i**3 - i. Let t(a) = 5*a**3 + 6*a**2 - 2*a + 6. Let w(q) = -4*g(q) + t(q). What is the units digit of w(-5)?
1
Let q = -198 - -284. Let h = q - 48. What is the tens digit of h?
3
Suppose -k = -4*k. Suppose a = -k*a + 27. What is the tens digit of a?
2
Suppose -3*c = -8*c - 375. What is the tens digit of ((-4)/(-6))/((-5)/c)?
1
Let y = -8 + 11. Let t(x) = -x**2 + 4*x - 1. Let a be t(y). Suppose -4*r - a = -5*r. What is the units digit of r?
2
Let d(q) = -q + 1. Let w be d(1). Suppose -4*n + 19 = -v - w*v, 5*n = v + 25. Suppose -g - 60 = -n*g. What is the tens digit of g?
1
Suppose 2*a - 18 = -3*g, -3*a + g = -10 - 28. Suppose -a = -k - 5*m + 3, -k = 3*m - 13. What is the tens digit of k?
1
What is the hundreds digit of (2/(-6))/((-7)/63) - -136?
1
Let j(u) = u - 1. Let n = -12 - -5. Let a be (-4)/(-2) + -1 - n. What is the units digit of j(a)?
7
What is the tens digit of 48 - 6 - (3 + 0)?
3
What is the units digit of 970/30 - 1/3?
2
Let z(v) = -v + 17. Let f be z(12). Let q = 0 + f. What is the units digit of q?
5
Let a be 1/(1*2/16). Let d(u) = -1 - 6 - 1 - a*u + u**2. What is the tens digit of d(10)?
1
Let z(v) = v**3 - 9*v**2 + 8*v. Let f be z(8). Suppose 5*c - 4*t - 33 - 1 = f, -2*c = -t - 13. Let i = -2 + c. What is the units digit of i?
4
Let h be 2 + -1 - 1/(-1). Let r be (-2)/(-12) - 119/(-6). Suppose -2*f = -r - h. What is the tens digit of f?
1
Let g(s) = s**3 + 14*s**2 + 13*s + 15. Let d be g(-13). What is the units digit of 1 - (-2 - (d - -3))?
1
Let x = -11 - -7. Let i be 19/5 - x/20. Suppose n + n = -2, i*n - 5 = -w. What is the units digit of w?
9
Let m = 28 + 15. What is the tens digit of m?
4
Let v = -20 + 9. Let t be 0 + (-1 - 0) - v. Let j = 17 - t. What is the units digit of j?
7
Let b = 21 - 18. Suppose -b = -6*z + 69. What is the tens digit of z?
1
Suppose -o - 5*j = -33, -56 - 10 = -3*o - 4*j. What is the tens digit of o?
1
Let q(k) = 9*k - 4. What is the tens digit of q(3)?
2
Suppose 3*f = 2 + 4. Let a(d) = 2 - f + 3 + 2*d. What is the tens digit of a(5)?
1
Let r(h) = -2*h**3 - 10*h**2 - 6*h. What is the units digit of r(-6)?
8
Let y be 18*4/32*28. Let l = -22 + y. What is the units digit of l?
1
Let a(r) = r**3 + 12*r**2 + 11*r + 10. What is the units digit of a(-11)?
0
Suppose 76 = -k + 3*k. What is the tens digit of k?
3
Let f(p) = p**2 + 14*p + 10. Let l be f(-14). Suppose 0 = -r + 5 + l. What is the units digit of r?
5
Suppose 0 = 3*d - 3, 2*d = h - 2*d + 15. Let p = h - -12. What is the units digit of p?
1
Let m(d) = d + 3. Let k(l) = -l**3 - 9*l**2 - 8*l - 6. Let a be k(-8). Let r be m(a). What is the units digit of 8 + (-1)/(-1)*r?
5
Let n(m) = 5*m - 20. Let f be n(6). What is the units digit of 8/20 - (-36)/f?
4
Let u = 113 - 49. Suppose 5*f - u + 9 = 0. What is the tens digit of f?
1
Suppose z + 0*z = -1. Let t = 0 + z. What is the units digit of (3 + -5)/(t - 0)?
2
Let d(b) = b**2 + 8*b + 4. Let u be d(-8). Suppose 0 = -u*q + 30 - 6. What is the units digit of q?
6
Suppose -i + 2 = 6. Let c be (-1)/((-1)/(-6 - 3)). What is the units digit of ((-24)/c)/i*-15?
0
Let k = -83 - -59. What is the units digit of (-2)/12 + (-148)/k?
6
Let m(p) be the third derivative of 0*p + p**2 + 0*p**4 + 5/6*p**3 - 1/60*p**5 + 0. What is the units digit of m(0)?
5
Suppose -3*y - 12 = -6*y. Suppose 72 = 4*a - 3*o + 2*o, -4*a + 52 = y*o. Suppose 0 = -2*c + a + 9. What is the units digit of c?
3
Let h(k) = -k**3 - k**2 - 28. Let a be h(0). What is the units digit of a*(15/6)/(-5)?
4
Suppose 5*u + 70 = 5*l, 0 = 4*u - u - 2*l + 40. Let y = -7 - u. What is the units digit of y?
5
Let y = -3 + 6. Suppose s + y*s - 124 = -5*n, -82 = -3*s - n. Let j = s - 16. What is the units digit of j?
0
What is the tens digit of ((-56)/6)/2*-3?
1
Let q = 25 + -8. What is the units digit of q?
7
Let n = 0 - -5. Suppose 2*b + n - 17 = 0. What is the units digit of b/(-9)*3 - 